
In base 3, what is -222 + 20202010?
20201011
In base 10, what is -1322123 + 0?
-1322123
In base 11, what is -7430 - -4?
-7427
In base 2, what is 1011 + 110100011011000?
110100011100011
In base 2, what is 0 + -111011011111000?
-111011011111000
In base 16, what is 5c9 - -479?
a42
In base 7, what is -1030 - -1444?
414
In base 7, what is 4 - 155340?
-155333
In base 14, what is -91608 - 2?
-9160a
In base 3, what is 100011120 - 12202?
22221211
In base 16, what is -1611 + 1f?
-15f2
In base 10, what is -1047 + 510?
-537
In base 4, what is 21 + -112?
-31
In base 11, what is -26 - 8431a?
-84345
In base 14, what is 3 + -157cb?
-157c8
In base 7, what is -112 - 13?
-125
In base 2, what is 1011010100110100000 + 1?
1011010100110100001
In base 11, what is -445 - a96?
-1430
In base 13, what is 92252 + -2?
92250
In base 16, what is 5 - -d0a9?
d0ae
In base 4, what is -12 + 1311130310?
1311130232
In base 16, what is -3 - -84147?
84144
In base 12, what is -161 - -292?
131
In base 13, what is 0 + -bbc14?
-bbc14
In base 4, what is 0 - 130003?
-130003
In base 16, what is -32fcf + -3?
-32fd2
In base 2, what is -11 - 10011111110100110000?
-10011111110100110011
In base 15, what is 425245 + -1?
425244
In base 3, what is -112100 + 11022?
-101001
In base 5, what is -2 - -1002420?
1002413
In base 7, what is -23 - 51533?
-51556
In base 10, what is 102 - 510?
-408
In base 12, what is 4 + 35639a?
3563a2
In base 7, what is -2 - 222630?
-222632
In base 16, what is -439 - -3d?
-3fc
In base 14, what is 6ca2 - b?
6c95
In base 15, what is -3 + -6236a?
-6236d
In base 9, what is 0 - -24161?
24161
In base 4, what is -13211 - 110?
-13321
In base 15, what is -1b6 - -e9?
-bc
In base 14, what is -1b8d3 - 0?
-1b8d3
In base 2, what is 10010001011 + 1111000?
10100000011
In base 14, what is b7a + -10?
b6a
In base 7, what is 4663 - 6?
4654
In base 13, what is -1711 + 3?
-170b
In base 11, what is 17 - -4257?
4273
In base 2, what is -11100001011011 + 101?
-11100001010110
In base 2, what is -110 + -1000100110101101?
-1000100110110011
In base 5, what is 13 + 214213?
214231
In base 13, what is c579 + 122?
c69b
In base 7, what is 3 - 2566461?
-2566455
In base 2, what is 1010100100100 + 10010000?
1010110110100
In base 3, what is 2020200202 + 1?
2020200210
In base 7, what is 5001 - 5?
4663
In base 16, what is -5 - c0ac?
-c0b1
In base 15, what is 8cb1e - -3?
8cb22
In base 11, what is 878 + -3?
875
In base 10, what is -195725 + 12?
-195713
In base 13, what is -6b54c1 - 5?
-6b54c6
In base 4, what is -221 - 1013232?
-1020113
In base 6, what is 211544 - -5?
211553
In base 13, what is -1 + -7c06?
-7c07
In base 15, what is -4833 - d?
-4841
In base 9, what is -1 - -38248?
38247
In base 3, what is 11 + 1001122212?
1001200000
In base 3, what is -2012 - 12001012220?
-12001022002
In base 2, what is -1011 - 11100000110100?
-11100000111111
In base 15, what is 3292 - -28?
32ba
In base 14, what is 1 + -13d186?
-13d185
In base 5, what is 244433 - 1332?
243101
In base 16, what is -b0 + -276?
-326
In base 10, what is 2403 + -9?
2394
In base 11, what is 0 - 23965?
-23965
In base 6, what is -12 - -2541?
2525
In base 10, what is -2 + 7358?
7356
In base 11, what is 1372 + -56?
1317
In base 16, what is -5e8f0 - 0?
-5e8f0
In base 16, what is d454 - -1?
d455
In base 16, what is -a96 - c?
-aa2
In base 5, what is -22030 - 1344?
-23424
In base 12, what is 770 - -946?
14b6
In base 10, what is -14840 - 128?
-14968
In base 16, what is -5c9f - -7?
-5c98
In base 6, what is 123424 - -20?
123444
In base 15, what is -1563e + -4?
-15643
In base 12, what is -6b7 + 1a6?
-511
In base 7, what is 2133 - 25?
2105
In base 12, what is -5 - -170461?
170458
In base 5, what is 1 + -2123014?
-2123013
In base 9, what is 6 - 216413?
-216406
In base 15, what is -5ea + -11?
-60b
In base 3, what is 211010100 + -11?
211010012
In base 14, what is -1b + aa3?
a86
In base 13, what is -652608 - -5?
-652603
In base 9, what is -13 - -3884?
3871
In base 16, what is -3 - -5ff60?
5ff5d
In base 16, what is 56 + 347?
39d
In base 11, what is 282a6 + 3?
282a9
In base 3, what is -12 - 110202112?
-110202201
In base 13, what is 57a2 + 3?
57a5
In base 4, what is -10010 + 13110?
3100
In base 11, what is 73 + 145a6?
14669
In base 6, what is -1515155 + -2?
-1515201
In base 12, what is 17a2ba - -2?
17a300
In base 15, what is -91c4 + -3?
-91c7
In base 6, what is 115050 - -1?
115051
In base 3, what is 0 - -20211012?
20211012
In base 15, what is 7 + 549?
551
In base 8, what is -1066 + 331?
-535
In base 13, what is 4 - -32c4b5?
32c4b9
In base 6, what is 0 - 143554?
-143554
In base 14, what is -43616 + -4?
-4361a
In base 15, what is -b33 + e?
-b24
In base 6, what is -4 - -2140333?
2140325
In base 12, what is -2a828 - 5?
-2a831
In base 12, what is 326 + -46?
2a0
In base 9, what is 501150 + -5?
501144
In base 15, what is -1b29a - 1?
-1b29b
In base 3, what is 122102 - 22122?
22210
In base 2, what is 11010111010100101 + 1?
11010111010100110
In base 3, what is 210221 - -1212?
212210
In base 13, what is 596 - -45?
60b
In base 15, what is 16b0 + 2?
16b2
In base 12, what is 12464 - 52?
12412
In base 13, what is 2 - 15549?
-15547
In base 13, what is 299 - 428?
-15c
In base 7, what is -3 - -45432?
45426
In base 4, what is 300 + 10211330?
10212230
In base 4, what is 2 - 2121200?
-2121132
In base 10, what is 247 + -2027?
-1780
In base 13, what is -19 + -c58?
-c74
In base 11, what is -4 - -29138?
29134
In base 5, what is 4202402 - 10?
4202342
In base 12, what is -2580 - -247?
-2335
In base 15, what is -28471 - d?
-2847e
In base 6, what is -40 + -24240?
-24320
In base 12, what is -14381 + -46?
-14407
In base 4, what is -223131 + 1211?
-221320
In base 6, what is 14 - -15425?
15443
In base 10, what is 3 + 20359?
20362
In base 3, what is -1200 + -210?
-2110
In base 2, what is 101001 + 11110001?
100011010
In base 5, what is -2100 - 212103?
-214203
In base 4, what is 200121 + -120?
200001
In base 14, what is 11 + -1618?
-1607
In base 16, what is 104c1 - 5?
104bc
In base 9, what is 1477 + -34?
1443
In base 16, what is -4 + -a30?
-a34
In base 9, what is 1621 + 24?
1645
In base 7, what is 1 - -263221?
263222
In base 16, what is 33c8b + -5?
33c86
In base 8, what is 1353 + 1101?
2454
In base 12, what is 558b - -7?
5596
In base 2, what is -11100111100101 - 10?
-11100111100111
In base 13, what is 2 - 224?
-222
In base 8, what is -224 - -502?
256
In base 14, what is -173 - -1111?
d7c
In base 6, what is -5510 - -13?
-5453
In base 5, what is -1012222 + 1?
-1012221
In base 12, what is -417 + -2b?
-446
In base 7, what is -313502 + -23?
-313525
In base 12, what is 3 + 30710?
30713
In base 8, what is -132 - 732?
-1064
In base 2, what is -111001100101001101011 + -1?
-111001100101001101100
In base 8, what is 6 - -12305?
12313
In base 13, what is -c + b36b?
b35c
In base 13, what is aa5 + -86?
a1c
In base 8, what is -250756 - 5?
-250763
In base 12, what is -3a + -771?
-7ab
In base 2, what is 10 + -1101100000001100110?
-1101100000001100100
In base 7, what is 10140 + -245?
6562
In base 3, what is 1001101021 + 1101?
1001102122
In base 14, what is -62230 + 2?
-6222c
In base 16, what is 81 - -4be?
53f
In base 14, what is -8 + 7ab?
7a3
In base 9, what is -28 + -4210?
-4238
In base 10, what is 0 - -5229?
5229
In base 10, what is 127209 + -6?
127203
In base 15, what is -19 + -c5?
-de
In base 2, what is 100 + 10011000110?
10011001010
In base 16, what is c69 + -17?
c52
In base 10, what is 11991 - 3?
11988
In base 4, what is 20003 + 101?
20110
In base 12, what is 4 + -a57b?
-a577
In base 7, what is -3305602 - 5?
-3305610
In base 15, what is 14 + 482a?
483e
In base 16, what is -4 - -5468c?
54688
In base 5, what is 10303 - -3424?
14232
In base 8, what is -4754147 + 5?
-4754142
In base 7, what is 2 + 2122204?
2122206
In base 11, what is 5a1 - 13?
589
In base 16, what is -90 - -2c9?
239
In base 12, what is 135 - 2b?
106
In base 15, what is 829 - -104?
92d
In base 10, what is 65 - 10047?
-9982
In base 14, what is 64 + 2bc?
342
In base 11, what is 232 + -9414?
-9192
In base 9, what is 30 - -220?
250
In base 6, what is 24 + 1012?
1040
In base 8, what is -75 + 36241?
36144
In base 16, what is 4 - -5dec3?
5dec7
In base 4, what is -123020 + 20?
-123000
In base 10, what is -3 + 484704?
484701
In base 6, what is -1510 + 200?
-1310
In ba